. Let q(a) = a**3 - 6*a**2 + a - 4. Determine q(r).
2
Let m(j) = 7*j - 4. Let d(s) = -8*s + 4. Suppose 0 = -i - 7. Let r(z) = i*m(z) - 6*d(z). Give r(-6).
10
Let y(u) = -u**2 - 4*u - 1. Let z be y(-4). Let v(k) = -2*k - 1. Let l(c) = -c**2 - c + 1. Let p(w) = z*l(w) - v(w). Give p(-4).
4
Let t(d) = d + d - 3*d + 3. Give t(5).
-2
Let y(a) be the first derivative of -a**2/2 + 3*a - 39. Calculate y(-6).
9
Let a(t) = 106*t + 4*t**2 - 108*t + 7*t**2 - 1. Give a(-1).
12
Let y(h) be the first derivative of -h**3/3 + h**2/2 + 3*h + 10. What is y(-3)?
-9
Let w(k) = -k**2 - 2*k - 2. Let r be w(-3). Let z(l) be the first derivative of -l**4/4 - 2*l**3 - 2*l**2 - l + 3. Give z(r).
-6
Suppose 5*m - 10 = -2*r, -3*m + 13 = 3*r - 2. Suppose 4*a + y = -4, 2*a + 2*y = -m*a + 4. Let l(u) = -6*u - 3. What is l(a)?
9
Let r(l) = -l - 5. Let a be r(-7). Suppose 0 = 6*x - a*x - 12. Let u(i) = -i**3 + 3*i**2. Determine u(x).
0
Let u(p) = -p**2 - 7*p - 3. Let z(l) = -l**2 + 9*l. Let a be z(9). Suppose -3*h + 12 = -a*h. Suppose 29 = -5*g + s, 4*s - 5*s + h = 0. Determine u(g).
7
Let d be 0/(-1 - -3 - 1). Let y = 3 + 1. Let c(z) = 5*z**3 - z**2 + 3*z + 2. Let a(v) = 6*v**3 - v**2 + 4*v + 1. Let f(k) = y*a(k) - 5*c(k). What is f(d)?
-6
Let g(f) = f**2 - f - 4. Suppose 4 - 13 = 3*s. Determine g(s).
8
Let w(g) = -g**2. Let x(z) = -2*z**2 + 5*z - 2. Let b(v) = 3*w(v) - x(v). Give b(-5).
2
Suppose -2*z - 112 = -4*a, -a + 2*z + 46 = 6*z. Suppose t + 2*t = -5*k - 36, -3*t - a = 4*k. Let s(x) = x**3 + 7*x**2 + 6*x - 3. What is s(k)?
-3
Let u(m) = m**3 - 6*m - 9*m + 14*m - 10*m**2 + 14. Give u(10).
4
Let f(p) = -2*p + 7. Let m be (2 - -1)/((-12)/(-8)). Suppose 0*a = -m*b + 2*a + 4, 2*b + 5 = 5*a. What is f(b)?
-3
Let m(t) = -2*t - 5*t + 5*t - t**2. What is m(-4)?
-8
Let k(y) = -2*y + 3. Suppose -2*a - 15 = o - 6*a, -5*a = -o - 20. Calculate k(o).
-7
Let m(f) = 14*f**3 + 8*f**2 + 6*f - 8. Let j(l) = 5*l**3 + 3*l**2 + 2*l - 3. Let b(q) = 17*j(q) - 6*m(q). Give b(-3).
3
Let w(u) = u. Let h(k) = 8*k - 1. Let v(r) = h(r) - 6*w(r). Give v(-2).
-5
Let f(q) = -q**3 - 4*q**2 + q + 4. Suppose -4*y - 8 = -4*k, 5*k - 40 = -y - 4*y. Let s be -1 - ((-18)/(-2))/y. What is f(s)?
0
Let v(h) = -5*h**2 + 4*h + 2. Let u(j) = 4*j**2 - 3*j - 2. Let b(r) = -4*u(r) - 3*v(r). Give b(-2).
-2
Let b(f) be the second derivative of -5*f**3/6 - 6*f. Give b(-1).
5
Let g(b) = -b**3 - 11*b**2 - 11*b - 10. Let t be g(-10). Let z(v) = 1. Let p = 3 + -6. Let r(j) = -j - 4. Let q(l) = p*z(l) - r(l). What is q(t)?
1
Let z be (-3)/(48/(-30) + (-1 - -2)). Let l(f) be the second derivative of -1/2*f**2 - 1/20*f**z + 2*f + 0 - 1/3*f**3 - 1/4*f**4. Determine l(-2).
-1
Suppose -4*w - k = -1, -4*w - 5*k + 5 = -3*w. Let y(d) = -7*d + w*d + 1 + 10*d - 2*d. Let f(n) = n**3 + 4*n**2 - 6*n - 5. Let c be f(-5). Give y(c).
1
Let t be -10 - -11 - (-1 + 1). Let l(b) = 2*b - t - 3*b**2 - 2*b - 4*b + b**3. Calculate l(4).
-1
Let i(v) = -3*v**2 - 2 - 6*v + 4*v + 2*v**2. Let c(g) = g + 8. Let u be c(0). Suppose -w - 3*w = u. Determine i(w).
-2
Let d(n) be the second derivative of 1/2*n**4 + 1/2*n**2 - 1/6*n**3 - n + 0. Determine d(1).
6
Suppose -10 = -5*o - 0. Let f(j) = -j + o + 5 + 3*j - 3*j. Determine f(3).
4
Let v(a) = 2*a**2 - 2*a + 3. Let w be v(2). Let j(i) = -i**2 + 8*i - 9. Let s be j(w). Let p(b) = -2*b**3 - 2*b**2 - 1. Determine p(s).
7
Suppose 0 = 2*c + 32 - 42. Let m(j) = -5*j + 3. Give m(c).
-22
Let r(v) = 2*v - 1. Suppose -5*y - 7 + 17 = 0. Calculate r(y).
3
Let k(i) = 3*i**2 + 2*i - 1. Let g(y) = 8*y**2 + 7*y - 2. Let b(u) = 4*g(u) - 11*k(u). Let m be b(7). Let f = m + 3. Let o(q) = 6*q**3 + q + 1. Calculate o(f).
-6
Suppose 0 = -o + 6*o + 5. Let c be ((-20)/60)/(o/6). Let t(z) = -z**3 + z**2 + 4*z - 3. Determine t(c).
1
Let s(z) = z**3 + 8*z**2 - 9*z + 3. Let f be s(-9). Let q(k) = -f*k**2 - 7*k**3 + 2*k**2 + 5*k - 5*k. What is q(-1)?
6
Let k(h) = -2*h**3 - h**2 + h - 1. Suppose -3 = 3*n - 3*o, -2*o = -4*n - 5*o - 11. Calculate k(n).
9
Let b = -25 - -36. Let r = 13 - b. Let n(l) = 2*l - 3. Let z(v) = 2*v - 4. Let g(k) = 5*n(k) - 4*z(k). Calculate g(r).
5
Let b(n) be the second derivative of -n**5/20 - n**4/2 - n**3 - n**2/2 - 16*n. Calculate b(-5).
4
Let n(m) = -3*m**2 - 5*m**3 + 5 - 3*m - 3*m - 2*m**3 + 8*m**3. Suppose 0 = -f + 5 - 1. What is n(f)?
-3
Let s(j) = -j**2 - 3*j + 6. Let x be 14*-1*(-12)/(-8). Let m = 16 + x. Determine s(m).
-4
Suppose -3 = -2*t - 5*m - 23, -t = -4*m + 23. Let y = t - -9. Let h(d) = -3*d**3 + 4*d**3 + 2 + 5*d**2 + 7*d + 2*d**2. Calculate h(y).
-4
Let g(h) = h + 1. Let r(k) = -5*k**2 - 5*k - 4. Let c be r(-3). Let f = c + 19. Let q be 2/5 + 66/f. Give g(q).
-3
Let v(p) = 0*p - 6 + 3*p - 2*p. Let k be v(8). Suppose -3 = k*y + 5. Let d(z) = -z**3 - 4*z**2 + 2*z + 6. Calculate d(y).
-2
Let u(c) = 2*c**3 + 2*c**2 + c + 1. Let v(g) = -g**2 - 13. Let x be v(0). Let z = -9 - x. Suppose z*w - q + 6 = 0, 5*w + q + 4 = -8. What is u(w)?
-9
Let y(a) be the second derivative of -a**3/3 - 2*a**2 + 2*a. Let p(q) = -4 - 1 - 5*q + 3*q. Let b(f) = 5*p(f) - 6*y(f). What is b(3)?
5
Let d = 7 + -2. Let k(n) = 88 + 4*n + 5*n - 3*n - n**2 - 95. Determine k(d).
-2
Let o(i) = -i**3 - 2*i**2 - 2*i - 3. Let g be (5 + 0)*(1 - 0). Suppose -x + 2*x = 4*q - 19, g*x + 7 = -2*q. Let m be (1 + 2)/x*2. What is o(m)?
1
Let u(c) be the second derivative of 4*c**3/3 + 3*c. Calculate u(1).
8
Suppose -2*l - 24 = 2*l + 2*c, 0 = 5*l + 4*c + 27. Let g(y) = y - 2. Calculate g(l).
-9
Let a(s) = -s - 1. Let k(l) = 5*l + 4. Let g(b) = 9*a(b) + 2*k(b). Suppose 36 - 244 = -4*n. Let h be (-4)/14 - n/14. Calculate g(h).
-5
Let s = -1 + 1. Let q(m) = -6 + s*m**2 - m**2 + 7*m - 2*m + 0*m**2. Let i be (8/(-3))/(2/(-3)). Determine q(i).
-2
Suppose 0 = -3*x - 4*a + 2*a + 4, 3*x + 4 = 2*a. Let s(r) = -r + 7. What is s(x)?
7
Let q be 4/3*6/4. Let s(b) = 3*b - 5*b - 5*b + 21*b**q - 8*b**2 - 10. Let x(t) = 9*t**2 - 5*t - 7. Let h(d) = 5*s(d) - 7*x(d). What is h(1)?
1
Let d(r) be the second derivative of r**4/12 + 4*r**3/3 - r**2 - 2*r + 3. Determine d(-8).
-2
Let c(y) = 5*y**3 - y - 10 + y**2 + y**3 - 3*y**3 - 4*y**3. Give c(0).
-10
Let r(i) = -i**3 - i**2 + 4*i + 3. Let d be r(-2). Let n be (-2 - d)/(-1) + 2. Let p(u) = -n - 3*u + 7 + 2*u. What is p(0)?
4
Let d(f) = -16 + 13*f + 11*f - 37*f + 14*f. What is d(11)?
-5
Let g(m) be the first derivative of -m**3/3 + 2*m**2 + 6*m + 2. Suppose 4*o = -5*h + 42, -4*o + 9 = h - 3*o. What is g(h)?
-6
Suppose 4 = 4*j - 2*j. Let o(v) = -5*v**j + 6*v**2 + 1 + 6 - v - v**3 + 4*v**2. What is o(5)?
2
Let i(h) = -h + h - h + 0. Suppose 2*l + 3*l - 10 = 0. Suppose p - l = -5. What is i(p)?
3
Let y(s) = 23*s**2 - s + 1. Let d be (-1)/((-1 + -4)/5). Calculate y(d).
23
Suppose -w + 0*w + 5 = 0. Suppose -w*z + 3*q = -14, 0*q + 8 = 4*q. Let h(j) be the first derivative of -j**3/3 + 2*j**2 - 2*j + 2. Give h(z).
-2
Let t(s) = -5 + 0*s**2 - 2*s**2 + s**2 + 6*s. Let b be t(4). Let u(o) = 3 - o**2 - 4 + 5*o - 2. Give u(b).
3
Let m be (1/1)/(2/12). Let y(a) = -3*a - 11. Let b(d) = -1. Let s(j) = m*b(j) - y(j). Give s(-5).
-10
Let n(m) be the third derivative of m**5/60 + m**4/6 + m**3/6 + m**2. Suppose w - 3*w = 3*r + 3, -r - 3*w + 6 = 0. Give n(r).
-2
Let p(v) = v**3 - 5*v**2 - v - 2. Let q(h) = h. Let z(l) = p(l) + 6*q(l). Calculate z(4).
2
Let r be (-3)/((-1)/(2/2)). Let k(p) = 0*p**2 - p**2 - p - 21 + 25. Calculate k(r).
-8
Let j be -3*(-3 - (-11)/3). Let x(v) be the third derivative of -1/30*v**5 + 1/12*v**4 - 1/120*v**6 + 0*v - v**2 + 1/3*v**3 + 0. Give x(j).
-2
Let m(x) = 23 - 27 + 3*x - x**2 + 2*x. What is m(5)?
-4
Let j be (-2 + 1)*(-11 - -5). Suppose 3*o = j*o - 3. Let v(k) = k + 1. What is v(o)?
2
Let h(u) = 9*u - 5. Let k(z) = 13*z - 8. Let w(b) = 8*h(b) - 5*k(b). Suppose f + 4 = -3*f. What is w(f)?
-7
Let b be (-192)/(-32)*1/(-2). Let a(p) = -2*p - 3. What is a(b)?
3
Let l(s) = -17*s**2 + 2*s + 16*s**2 + 5 + 0*s. Calculate l(4).
-3
Let t(b) = 8 + 14*b**3 - 13*b**3 - b - 10. Suppose -3*j = h - 14, -3 = -5*h - j + 11. Let s be (h - 2 - 2) + 2. Determine t(s).
-2
Let u(i) = 3*i - 3. Let l be (-2)/4 + (-90)/20. What is u(l)?
-18
Let r(k) be the second derivative of k**5/20 + 5*k**4/12 - 2*k**3/3 + 2*k**2 + 42*k. Calculate r(-6).
-8
Let v(h) = 16*h + 5. Let o(r) = 3*r + 1. Let m(l) = 33*o(l) - 6*v(l). Let b(p) = -4*